{"id":249,"date":"2022-07-22T02:31:08","date_gmt":"2022-07-22T02:31:08","guid":{"rendered":"http:\/\/monicacalderon.com\/?page_id=249"},"modified":"2022-07-22T02:37:49","modified_gmt":"2022-07-22T02:37:49","slug":"la-vida-es-mejor-desde-las-alturas","status":"publish","type":"page","link":"https:\/\/monicacalderon.com\/index.php\/la-vida-es-mejor-desde-las-alturas\/","title":{"rendered":"La Vida Es Mejor desde las Alturas"},"content":{"rendered":"\t\t<div data-elementor-type=\"wp-page\" data-elementor-id=\"249\" class=\"elementor elementor-249\" data-elementor-post-type=\"page\">\n\t\t\t\t\t\t<section class=\"elementor-section elementor-top-section elementor-element elementor-element-cca8fd3 elementor-section-boxed elementor-section-height-default elementor-section-height-default\" data-id=\"cca8fd3\" data-element_type=\"section\" data-e-type=\"section\">\n\t\t\t\t\t\t<div class=\"elementor-container elementor-column-gap-default\">\n\t\t\t\t\t<div class=\"elementor-column elementor-col-100 elementor-top-column elementor-element elementor-element-a30629a\" data-id=\"a30629a\" data-element_type=\"column\" data-e-type=\"column\">\n\t\t\t<div class=\"elementor-widget-wrap elementor-element-populated\">\n\t\t\t\t\t\t<div class=\"elementor-element elementor-element-a232b75 e-transform elementor-widget elementor-widget-heading\" data-id=\"a232b75\" data-element_type=\"widget\" data-e-type=\"widget\" data-settings=\"{&quot;_transform_translateY_effect&quot;:{&quot;unit&quot;:&quot;px&quot;,&quot;size&quot;:-80,&quot;sizes&quot;:[]},&quot;_transform_translateX_effect&quot;:{&quot;unit&quot;:&quot;px&quot;,&quot;size&quot;:&quot;&quot;,&quot;sizes&quot;:[]},&quot;_transform_translateX_effect_tablet&quot;:{&quot;unit&quot;:&quot;px&quot;,&quot;size&quot;:&quot;&quot;,&quot;sizes&quot;:[]},&quot;_transform_translateX_effect_mobile&quot;:{&quot;unit&quot;:&quot;px&quot;,&quot;size&quot;:&quot;&quot;,&quot;sizes&quot;:[]},&quot;_transform_translateY_effect_tablet&quot;:{&quot;unit&quot;:&quot;px&quot;,&quot;size&quot;:&quot;&quot;,&quot;sizes&quot;:[]},&quot;_transform_translateY_effect_mobile&quot;:{&quot;unit&quot;:&quot;px&quot;,&quot;size&quot;:&quot;&quot;,&quot;sizes&quot;:[]}}\" data-widget_type=\"heading.default\">\n\t\t\t\t<div class=\"elementor-widget-container\">\n\t\t\t\t\t<h2 class=\"elementor-heading-title elementor-size-default\">La Vida es Mejor desde las Alturas\n<\/h2>\t\t\t\t<\/div>\n\t\t\t\t<\/div>\n\t\t\t\t<div class=\"elementor-element elementor-element-ff19b15 e-transform elementor-widget elementor-widget-text-editor\" data-id=\"ff19b15\" data-element_type=\"widget\" data-e-type=\"widget\" data-settings=\"{&quot;_transform_translateY_effect&quot;:{&quot;unit&quot;:&quot;px&quot;,&quot;size&quot;:-53,&quot;sizes&quot;:[]},&quot;_transform_translateX_effect&quot;:{&quot;unit&quot;:&quot;px&quot;,&quot;size&quot;:&quot;&quot;,&quot;sizes&quot;:[]},&quot;_transform_translateX_effect_tablet&quot;:{&quot;unit&quot;:&quot;px&quot;,&quot;size&quot;:&quot;&quot;,&quot;sizes&quot;:[]},&quot;_transform_translateX_effect_mobile&quot;:{&quot;unit&quot;:&quot;px&quot;,&quot;size&quot;:&quot;&quot;,&quot;sizes&quot;:[]},&quot;_transform_translateY_effect_tablet&quot;:{&quot;unit&quot;:&quot;px&quot;,&quot;size&quot;:&quot;&quot;,&quot;sizes&quot;:[]},&quot;_transform_translateY_effect_mobile&quot;:{&quot;unit&quot;:&quot;px&quot;,&quot;size&quot;:&quot;&quot;,&quot;sizes&quot;:[]}}\" data-widget_type=\"text-editor.default\">\n\t\t\t\t<div class=\"elementor-widget-container\">\n\t\t\t\t\t\t\t\t\t<p class=\"Normal ospfxw64d8a9947156659b29c8bfe4d7760d7eossfx\">De ni\u00f1a, me gustaba que mi pap\u00e1 me subiera en sus hombros. Desde esa altura el panorama se ve\u00eda seguro y mi mundo estaba bajo control. Me sent\u00eda confiada. Recuerdo la fuerza con que sus manos me sosten\u00edan. Jamas olvidare la tristeza que me dio el d\u00eda en que por mi estatura y mi peso ya no me fue posible recorrer el camino desde ese maravilloso lugar. Y a medida que fui creciendo, cre\u00ed que jam\u00e1s volver\u00eda a vivir esa aventura. Pero \u00a1oh sorpresa!, cuando menos lo esperaba, un d\u00eda llego a mi vida un Padre m\u00e1s grande, m\u00e1s alto, m\u00e1s amoroso, m\u00e1s fuerte y poderoso que me dijo que El me llevar\u00eda en Sus fuerzas y en las alturas, y, \u00bfsaben? desde entonces lo ha cumplido.\u00a0<\/p><p class=\"Normal ospfxw6bf152e55a185d1e4fada3f440c352e5ossfx\">El me pasea por la senda de la Esperanza y me muevo llena de Confianza. Sin duda en Sus brazos llegare a mi Destino. Y s\u00e9 que es la Oraci\u00f3n \u2013ese di\u00e1logo \u00edntimo y constante que sostenemos con \u00c9l \u2013 que lo hace sentir Contento y Amado.<\/p><p class=\"Normal ospfxw62530bf4f5e549afc6d8951503ba9ef0ossfx\">La Oraci\u00f3n es la que nos mantiene subidas en los hombros de Pap\u00e1. Es el Mejor Regalo que podemos darle a cambio.<\/p><p class=\"Normal ospfxweab30c3e773600924b88a4985e17e52aossfx\">A todos nos agrada que los dem\u00e1s conf\u00eden en nosotros. Por eso, la tarea diaria que tenemos por delante, es Agradecerle a Dios expres\u00e1ndole con nuestra actitud, con nuestro coraz\u00f3n y creyendo en Sus promesas, \u00a0la siguiente frase: &#8221; Padre M\u00edo Yo Conf\u00edo en Ti&#8221;.<\/p><p class=\"Normal ospfxw448857c56a0defd05022571b8047657aossfx\">Cuando hacemos eso, estamos permiti\u00e9ndole que sea \u00c9l quien nos suba en Sus hombros y nos lleve a ver las circunstancias desde otra perspectiva, desde la altura de Sus promesas. Porque escrito est\u00e1 que a trav\u00e9s de ellas, Dios nos bendice, y mejor a\u00fan, Su bendici\u00f3n es la que enriquece nuestra vida y jam\u00e1s acarrear\u00e1 tristeza alguna. (Proverbios 10:22)<\/p><p class=\"Normal ospfxw65fb984363ce9b96f888b35db5f798fbossfx\">Aqu\u00ed te paso algunas de Sus promesas para que las tengas presentes en los momentos de angustia y necesidad.<\/p><p class=\"Normal ospfxw34960109f9b4d587486b75ac8e82534aossfx\"><em>Conf\u00eda en Jehov\u00e1 perpetuamente, \u201c<u>porque<\/u>\u201d en Jehov\u00e1 el Se\u00f1or est\u00e1 la fortaleza de los siglos<\/em> \u2014Isa\u00edas 26.4<\/p><p class=\"Normal ospfxw3749d0dfc9078478f2de33d5c65711a4ossfx\">(\u00c9nfasis a\u00f1adido por m\u00ed, para acentuar que toda promesa tiene una condici\u00f3n o una instrucci\u00f3n a seguir. En este caso, es: <em>Si<\/em> \u2013condici\u00f3n- <em>conf\u00edo en \u00c9l \u2013<\/em>mi actitud-, y aqu\u00ed viene la promesa- <em>\u00c9l me dar\u00e1 la fortaleza de los siglos. <\/em>En otras palabras, el poder eterno)<\/p><p class=\"Normal ospfxw7ede43843d9f06e5a55aaa911dcb7e27ossfx\"><em>\u201c<u>Yo te pido<\/u>\u201d que seas fuerte y valiente, que no te desanimes ni tengas miedo, \u201c<u>porque<\/u>\u201d yo soy tu Dios, y te ayudar\u00e9 por dondequiera que vayas. \u2014<\/em>Josu\u00e9 1:9<\/p><p class=\"Normal ospfxwab3a91484c0bd6b20167ff53680c4366ossfx\"><em>\u201c<u>En ti conf\u00edan los que conocen tu nombre<\/u>\u201d<\/em>, \u201c<em><u>porque<\/u>\u201d t\u00fa, SE\u00d1OR, jam\u00e1s abandonas a los que te buscan<\/em> \u2014Salmo 9.10<\/p><p class=\"Normal ospfxw836c192929c61e00ef7e6464bcdb23b8ossfx\"><em>\u00a1<u>Canta<\/u>, ciudad de Si\u00f3n! \u00a1<u>Da voces de alegr\u00eda<\/u>, pueblo de Israel! \u00a1<u>Al\u00e9grate<\/u>, Jerusal\u00e9n, <u>al\u00e9grate de todo coraz\u00f3n<\/u>!\u00a0El Se\u00f1or <u>ha retirado<\/u> la sentencia (sanci\u00f3n) contra ti y ha rechazado a tus enemigos. El Se\u00f1or, el Rey de Israel, <u>est\u00e1 en medio de ti<\/u>: <u>ya no tendr\u00e1s que temer mal alguno<\/u><\/em>. \u2014Sofon\u00edas 14:4-5<\/p><p class=\"Normal ospfxwa4811e5f3414e0f328bd6d19c1f3e66dossfx\"><em>\u201c<u>El<\/u><\/em> <em><u>nombre del SE\u00d1OR<\/u><\/em><em>\u201d (ning\u00fan otro nombre) <\/em>es torre fuerte<em>, \u201c<u>a ella corre el justo y est\u00e1 a salvo<\/u>\u201d<\/em>. \u2014 Proverbio 18:10<\/p><p class=\"Normal ospfxw3f2c2ee5d5c75268138077ac79451a92ossfx\">Pues \u201c<em><u>yo te sostengo<\/u>\u201d<\/em> de tu mano derecha; yo, el Se\u00f1or tu Dios. Y te digo: <em><u>\u201cNo tengas miedo, aqu\u00ed estoy para ayudarte<\/u>\u201d<\/em> \u2014Isa\u00edas 41:13<\/p><p class=\"Normal ospfxwe1f819a28dc75c8f067350e14874f018ossfx\">Conf\u00eda en el SE\u00d1OR con todo tu coraz\u00f3n, y no conf\u00edes en tu propia inteligencia. Busca la voluntad del SE\u00d1OR en todo lo que hagas, y \u00e9l dirigir\u00e1 tus caminos \u2014Proverbios 3.5-6<\/p><p class=\"Normal ospfxw2c4d278edf342b3965e6b8b8cb180721ossfx\">(Todos los \u00e9nfasis son a\u00f1adido por m\u00ed para marcar la condici\u00f3n y la promesa)<\/p>\t\t\t\t\t\t\t\t<\/div>\n\t\t\t\t<\/div>\n\t\t\t\t\t<\/div>\n\t\t<\/div>\n\t\t\t\t\t<\/div>\n\t\t<\/section>\n\t\t\t\t<\/div>\n\t\t","protected":false},"excerpt":{"rendered":"<p>La Vida es Mejor desde las Alturas De ni\u00f1a, me gustaba que mi pap\u00e1 me subiera en sus hombros. Desde esa altura el panorama se ve\u00eda seguro y mi mundo estaba bajo control. Me sent\u00eda confiada. Recuerdo la fuerza con que sus manos me sosten\u00edan. Jamas olvidare la tristeza que me dio el d\u00eda en [&hellip;]<\/p>\n","protected":false},"author":2,"featured_media":0,"parent":0,"menu_order":0,"comment_status":"closed","ping_status":"closed","template":"elementor_canvas","meta":{"footnotes":""},"class_list":["post-249","page","type-page","status-publish","hentry"],"_links":{"self":[{"href":"https:\/\/monicacalderon.com\/index.php\/wp-json\/wp\/v2\/pages\/249","targetHints":{"allow":["GET"]}}],"collection":[{"href":"https:\/\/monicacalderon.com\/index.php\/wp-json\/wp\/v2\/pages"}],"about":[{"href":"https:\/\/monicacalderon.com\/index.php\/wp-json\/wp\/v2\/types\/page"}],"author":[{"embeddable":true,"href":"https:\/\/monicacalderon.com\/index.php\/wp-json\/wp\/v2\/users\/2"}],"replies":[{"embeddable":true,"href":"https:\/\/monicacalderon.com\/index.php\/wp-json\/wp\/v2\/comments?post=249"}],"version-history":[{"count":7,"href":"https:\/\/monicacalderon.com\/index.php\/wp-json\/wp\/v2\/pages\/249\/revisions"}],"predecessor-version":[{"id":257,"href":"https:\/\/monicacalderon.com\/index.php\/wp-json\/wp\/v2\/pages\/249\/revisions\/257"}],"wp:attachment":[{"href":"https:\/\/monicacalderon.com\/index.php\/wp-json\/wp\/v2\/media?parent=249"}],"curies":[{"name":"wp","href":"https:\/\/api.w.org\/{rel}","templated":true}]}}

<div data-elementor-type="wp-page" data-elementor-id="249" class="elementor elementor-249" data-elementor-post-type="page">
						<section class="elementor-section elementor-top-section elementor-element elementor-element-cca8fd3 elementor-section-boxed elementor-section-height-default elementor-section-height-default" data-id="cca8fd3" data-element_type="section" data-e-type="section">
						<div class="elementor-container elementor-column-gap-default">
					<div class="elementor-column elementor-col-100 elementor-top-column elementor-element elementor-element-a30629a" data-id="a30629a" data-element_type="column" data-e-type="column">
			<div class="elementor-widget-wrap elementor-element-populated">
						<div class="elementor-element elementor-element-a232b75 e-transform elementor-widget elementor-widget-heading" data-id="a232b75" data-element_type="widget" data-e-type="widget" data-settings="{&quot;_transform_translateY_effect&quot;:{&quot;unit&quot;:&quot;px&quot;,&quot;size&quot;:-80,&quot;sizes&quot;:[]},&quot;_transform_translateX_effect&quot;:{&quot;unit&quot;:&quot;px&quot;,&quot;size&quot;:&quot;&quot;,&quot;sizes&quot;:[]},&quot;_transform_translateX_effect_tablet&quot;:{&quot;unit&quot;:&quot;px&quot;,&quot;size&quot;:&quot;&quot;,&quot;sizes&quot;:[]},&quot;_transform_translateX_effect_mobile&quot;:{&quot;unit&quot;:&quot;px&quot;,&quot;size&quot;:&quot;&quot;,&quot;sizes&quot;:[]},&quot;_transform_translateY_effect_tablet&quot;:{&quot;unit&quot;:&quot;px&quot;,&quot;size&quot;:&quot;&quot;,&quot;sizes&quot;:[]},&quot;_transform_translateY_effect_mobile&quot;:{&quot;unit&quot;:&quot;px&quot;,&quot;size&quot;:&quot;&quot;,&quot;sizes&quot;:[]}}" data-widget_type="heading.default">
				<div class="elementor-widget-container">
					<h2 class="elementor-heading-title elementor-size-default">La Vida es Mejor desde las Alturas
</h2>				</div>
				</div>
				<div class="elementor-element elementor-element-ff19b15 e-transform elementor-widget elementor-widget-text-editor" data-id="ff19b15" data-element_type="widget" data-e-type="widget" data-settings="{&quot;_transform_translateY_effect&quot;:{&quot;unit&quot;:&quot;px&quot;,&quot;size&quot;:-53,&quot;sizes&quot;:[]},&quot;_transform_translateX_effect&quot;:{&quot;unit&quot;:&quot;px&quot;,&quot;size&quot;:&quot;&quot;,&quot;sizes&quot;:[]},&quot;_transform_translateX_effect_tablet&quot;:{&quot;unit&quot;:&quot;px&quot;,&quot;size&quot;:&quot;&quot;,&quot;sizes&quot;:[]},&quot;_transform_translateX_effect_mobile&quot;:{&quot;unit&quot;:&quot;px&quot;,&quot;size&quot;:&quot;&quot;,&quot;sizes&quot;:[]},&quot;_transform_translateY_effect_tablet&quot;:{&quot;unit&quot;:&quot;px&quot;,&quot;size&quot;:&quot;&quot;,&quot;sizes&quot;:[]},&quot;_transform_translateY_effect_mobile&quot;:{&quot;unit&quot;:&quot;px&quot;,&quot;size&quot;:&quot;&quot;,&quot;sizes&quot;:[]}}" data-widget_type="text-editor.default">
				<div class="elementor-widget-container">
									<p class="Normal ospfxw64d8a9947156659b29c8bfe4d7760d7eossfx">De niña, me gustaba que mi papá me subiera en sus hombros. Desde esa altura el panorama se veía seguro y mi mundo estaba bajo control. Me sentía confiada. Recuerdo la fuerza con que sus manos me sostenían. Jamas olvidare la tristeza que me dio el día en que por mi estatura y mi peso ya no me fue posible recorrer el camino desde ese maravilloso lugar. Y a medida que fui creciendo, creí que jamás volvería a vivir esa aventura. Pero ¡oh sorpresa!, cuando menos lo esperaba, un día llego a mi vida un Padre más grande, más alto, más amoroso, más fuerte y poderoso que me dijo que El me llevaría en Sus fuerzas y en las alturas, y, ¿saben? desde entonces lo ha cumplido. </p><p class="Normal ospfxw6bf152e55a185d1e4fada3f440c352e5ossfx">El me pasea por la senda de la Esperanza y me muevo llena de Confianza. Sin duda en Sus brazos llegare a mi Destino. Y sé que es la Oración –ese diálogo íntimo y constante que sostenemos con Él – que lo hace sentir Contento y Amado.</p><p class="Normal ospfxw62530bf4f5e549afc6d8951503ba9ef0ossfx">La Oración es la que nos mantiene subidas en los hombros de Papá. Es el Mejor Regalo que podemos darle a cambio.</p><p class="Normal ospfxweab30c3e773600924b88a4985e17e52aossfx">A todos nos agrada que los demás confíen en nosotros. Por eso, la tarea diaria que tenemos por delante, es Agradecerle a Dios expresándole con nuestra actitud, con nuestro corazón y creyendo en Sus promesas,  la siguiente frase: &#8221; Padre Mío Yo Confío en Ti&#8221;.</p><p class="Normal ospfxw448857c56a0defd05022571b8047657aossfx">Cuando hacemos eso, estamos permitiéndole que sea Él quien nos suba en Sus hombros y nos lleve a ver las circunstancias desde otra perspectiva, desde la altura de Sus promesas. Porque escrito está que a través de ellas, Dios nos bendice, y mejor aún, Su bendición es la que enriquece nuestra vida y jamás acarreará tristeza alguna. (Proverbios 10:22)</p><p class="Normal ospfxw65fb984363ce9b96f888b35db5f798fbossfx">Aquí te paso algunas de Sus promesas para que las tengas presentes en los momentos de angustia y necesidad.</p><p class="Normal ospfxw34960109f9b4d587486b75ac8e82534aossfx"><em>Confía en Jehová perpetuamente, “<u>porque</u>” en Jehová el Señor está la fortaleza de los siglos</em> —Isaías 26.4</p><p class="Normal ospfxw3749d0dfc9078478f2de33d5c65711a4ossfx">(Énfasis añadido por mí, para acentuar que toda promesa tiene una condición o una instrucción a seguir. En este caso, es: <em>Si</em> –condición- <em>confío en Él –</em>mi actitud-, y aquí viene la promesa- <em>Él me dará la fortaleza de los siglos. </em>En otras palabras, el poder eterno)</p><p class="Normal ospfxw7ede43843d9f06e5a55aaa911dcb7e27ossfx"><em>“<u>Yo te pido</u>” que seas fuerte y valiente, que no te desanimes ni tengas miedo, “<u>porque</u>” yo soy tu Dios, y te ayudaré por dondequiera que vayas. —</em>Josué 1:9</p><p class="Normal ospfxwab3a91484c0bd6b20167ff53680c4366ossfx"><em>“<u>En ti confían los que conocen tu nombre</u>”</em>, “<em><u>porque</u>” tú, SEÑOR, jamás abandonas a los que te buscan</em> —Salmo 9.10</p><p class="Normal ospfxw836c192929c61e00ef7e6464bcdb23b8ossfx"><em>¡<u>Canta</u>, ciudad de Sión! ¡<u>Da voces de alegría</u>, pueblo de Israel! ¡<u>Alégrate</u>, Jerusalén, <u>alégrate de todo corazón</u>! El Señor <u>ha retirado</u> la sentencia (sanción) contra ti y ha rechazado a tus enemigos. El Señor, el Rey de Israel, <u>está en medio de ti</u>: <u>ya no tendrás que temer mal alguno</u></em>. —Sofonías 14:4-5</p><p class="Normal ospfxwa4811e5f3414e0f328bd6d19c1f3e66dossfx"><em>“<u>El</u></em> <em><u>nombre del SEÑOR</u></em><em>” (ningún otro nombre) </em>es torre fuerte<em>, “<u>a ella corre el justo y está a salvo</u>”</em>. — Proverbio 18:10</p><p class="Normal ospfxw3f2c2ee5d5c75268138077ac79451a92ossfx">Pues “<em><u>yo te sostengo</u>”</em> de tu mano derecha; yo, el Señor tu Dios. Y te digo: <em><u>“No tengas miedo, aquí estoy para ayudarte</u>”</em> —Isaías 41:13</p><p class="Normal ospfxwe1f819a28dc75c8f067350e14874f018ossfx">Confía en el SEÑOR con todo tu corazón, y no confíes en tu propia inteligencia. Busca la voluntad del SEÑOR en todo lo que hagas, y él dirigirá tus caminos —Proverbios 3.5-6</p><p class="Normal ospfxw2c4d278edf342b3965e6b8b8cb180721ossfx">(Todos los énfasis son añadido por mí para marcar la condición y la promesa)</p>								</div>
				</div>
					</div>
		</div>
					</div>
		</section>
				</div>

<p>La Vida es Mejor desde las Alturas De niña, me gustaba que mi papá me subiera en sus hombros. Desde esa altura el panorama se veía seguro y mi mundo estaba bajo control. Me sentía confiada. Recuerdo la fuerza con que sus manos me sostenían. Jamas olvidare la tristeza que me dio el día en [&hellip;]</p>
