{"id":53,"date":"2022-07-20T00:32:02","date_gmt":"2022-07-20T00:32:02","guid":{"rendered":"http:\/\/monicacalderon.com\/?page_id=53"},"modified":"2022-07-27T21:07:10","modified_gmt":"2022-07-27T21:07:10","slug":"boutique","status":"publish","type":"page","link":"https:\/\/monicacalderon.com\/index.php\/boutique\/","title":{"rendered":"Boutique"},"content":{"rendered":"\t\t<div data-elementor-type=\"wp-page\" data-elementor-id=\"53\" class=\"elementor elementor-53\" data-elementor-post-type=\"page\">\n\t\t\t\t\t\t<section class=\"elementor-section elementor-top-section elementor-element elementor-element-a230aa9 elementor-section-boxed elementor-section-height-default elementor-section-height-default\" data-id=\"a230aa9\" data-element_type=\"section\" data-e-type=\"section\">\n\t\t\t\t\t\t<div class=\"elementor-container elementor-column-gap-default\">\n\t\t\t\t\t<div class=\"elementor-column elementor-col-33 elementor-top-column elementor-element elementor-element-f347336\" data-id=\"f347336\" data-element_type=\"column\" data-e-type=\"column\">\n\t\t\t<div class=\"elementor-widget-wrap elementor-element-populated\">\n\t\t\t\t\t\t<div class=\"elementor-element elementor-element-124ee2e elementor-widget elementor-widget-image\" data-id=\"124ee2e\" data-element_type=\"widget\" data-e-type=\"widget\" data-widget_type=\"image.default\">\n\t\t\t\t<div class=\"elementor-widget-container\">\n\t\t\t\t\t\t\t\t\t\t\t\t\t\t\t<img fetchpriority=\"high\" decoding=\"async\" width=\"500\" height=\"500\" src=\"https:\/\/monicacalderon.com\/wp-content\/uploads\/2022\/07\/artworks-000134017316-drhraj-t500x500.jpg\" class=\"attachment-large size-large wp-image-365\" alt=\"\" srcset=\"https:\/\/monicacalderon.com\/wp-content\/uploads\/2022\/07\/artworks-000134017316-drhraj-t500x500.jpg 500w, https:\/\/monicacalderon.com\/wp-content\/uploads\/2022\/07\/artworks-000134017316-drhraj-t500x500-300x300.jpg 300w, https:\/\/monicacalderon.com\/wp-content\/uploads\/2022\/07\/artworks-000134017316-drhraj-t500x500-150x150.jpg 150w\" sizes=\"(max-width: 500px) 100vw, 500px\" \/>\t\t\t\t\t\t\t\t\t\t\t\t\t\t\t<\/div>\n\t\t\t\t<\/div>\n\t\t\t\t<div class=\"elementor-element elementor-element-4988374 elementor-widget elementor-widget-audio\" data-id=\"4988374\" data-element_type=\"widget\" data-e-type=\"widget\" data-widget_type=\"audio.default\">\n\t\t\t\t<div class=\"elementor-widget-container\">\n\t\t\t\t\t\t\t\t<div class=\"elementor-soundcloud-wrapper\">\n\t\t\t\t<iframe width=\"800\" height=\"200\" frameborder=\"no\" src=\"https:\/\/w.soundcloud.com\/player\/?visual=false&#038;url=https%3A%2F%2Fapi.soundcloud.com%2Ftracks%2F230178824&#038;show_artwork=false&#038;maxheight=1000&#038;maxwidth=800&#038;auto_play=false&#038;buying=true&#038;liking=true&#038;download=true&#038;sharing=true&#038;show_comments=true&#038;show_playcount=true&#038;show_user=true&#038;color\"><\/iframe>\t\t\t<\/div>\n\t\t\t\t\t\t\t<\/div>\n\t\t\t\t<\/div>\n\t\t\t\t<div class=\"elementor-element elementor-element-097de26 elementor-widget elementor-widget-text-editor\" data-id=\"097de26\" data-element_type=\"widget\" data-e-type=\"widget\" data-widget_type=\"text-editor.default\">\n\t\t\t\t<div class=\"elementor-widget-container\">\n\t\t\t\t\t\t\t\t\t<p><strong>\u201cEn la Intimidad\u201d<\/strong> es el segundo de mis grandes e \u00edntimos anhelos hechos realidad. \u00a0Al grabarlo, \u00a0(en\u00a0Octubre del 2011) e interpretar cada canci\u00f3n, pens\u00e9 mucho en el alma de la Mujer, en su coraz\u00f3n y en sus\u00a0emociones. Sobre todo, en que cada melod\u00eda fuera una compa\u00f1\u00eda para esos momentos en los que toda\u00a0Mujer desea vaciar su dolor, orar y tambi\u00e9n, deleitarse en la intimidad con Dios.\u00a0<\/p>\t\t\t\t\t\t\t\t<\/div>\n\t\t\t\t<\/div>\n\t\t\t\t\t<\/div>\n\t\t<\/div>\n\t\t\t\t<div class=\"elementor-column elementor-col-33 elementor-top-column elementor-element elementor-element-ba5bc71\" data-id=\"ba5bc71\" data-element_type=\"column\" data-e-type=\"column\">\n\t\t\t<div class=\"elementor-widget-wrap elementor-element-populated\">\n\t\t\t\t\t\t<div class=\"elementor-element elementor-element-d50aaa8 elementor-widget elementor-widget-image\" data-id=\"d50aaa8\" data-element_type=\"widget\" data-e-type=\"widget\" data-widget_type=\"image.default\">\n\t\t\t\t<div class=\"elementor-widget-container\">\n\t\t\t\t\t\t\t\t\t\t\t\t\t\t\t<img decoding=\"async\" width=\"500\" height=\"500\" src=\"https:\/\/monicacalderon.com\/wp-content\/uploads\/2022\/07\/artworks-000134023266-u6iqbu-t500x500.jpg\" class=\"attachment-large size-large wp-image-364\" alt=\"\" srcset=\"https:\/\/monicacalderon.com\/wp-content\/uploads\/2022\/07\/artworks-000134023266-u6iqbu-t500x500.jpg 500w, https:\/\/monicacalderon.com\/wp-content\/uploads\/2022\/07\/artworks-000134023266-u6iqbu-t500x500-300x300.jpg 300w, https:\/\/monicacalderon.com\/wp-content\/uploads\/2022\/07\/artworks-000134023266-u6iqbu-t500x500-150x150.jpg 150w\" sizes=\"(max-width: 500px) 100vw, 500px\" \/>\t\t\t\t\t\t\t\t\t\t\t\t\t\t\t<\/div>\n\t\t\t\t<\/div>\n\t\t\t\t<div class=\"elementor-element elementor-element-df21316 elementor-widget elementor-widget-audio\" data-id=\"df21316\" data-element_type=\"widget\" data-e-type=\"widget\" data-widget_type=\"audio.default\">\n\t\t\t\t<div class=\"elementor-widget-container\">\n\t\t\t\t\t\t\t\t<div class=\"elementor-soundcloud-wrapper\">\n\t\t\t\t<iframe width=\"800\" height=\"200\" frameborder=\"no\" src=\"https:\/\/w.soundcloud.com\/player\/?visual=false&#038;url=https%3A%2F%2Fapi.soundcloud.com%2Ftracks%2F230186923&#038;show_artwork=false&#038;maxheight=1000&#038;maxwidth=800&#038;auto_play=false&#038;buying=true&#038;liking=true&#038;download=true&#038;sharing=true&#038;show_comments=true&#038;show_playcount=true&#038;show_user=true&#038;color\"><\/iframe>\t\t\t<\/div>\n\t\t\t\t\t\t\t<\/div>\n\t\t\t\t<\/div>\n\t\t\t\t<div class=\"elementor-element elementor-element-8c47cfb elementor-widget elementor-widget-text-editor\" data-id=\"8c47cfb\" data-element_type=\"widget\" data-e-type=\"widget\" data-widget_type=\"text-editor.default\">\n\t\t\t\t<div class=\"elementor-widget-container\">\n\t\t\t\t\t\t\t\t\t<p class=\"Normal ospfxw6891d957fd0221ad58b05c94490c708aossfx\"><strong>\u201cGeneraci\u00f3n de Valientes\u201d<\/strong> \u00a0Vivimos en una una \u00e9poca en la que nuestros ni\u00f1os necesitan de h\u00e9roes\u00a0reales\u00a0que\u00a0puedan\u00a0inspirarlos,\u00a0entusiasmarlos, que les ense\u00f1en y les den esperanza de tener una vida llena de aventuras con Dios y en Dios. Para \u00e9ste cd, (sali\u00f3 a la luz en Agosto 2014) me inspir\u00e9 en narrarles haza\u00f1as de\u00a0David y sus valientes. Nuestras pr\u00f3ximas generaciones necesitan que les sea injertada en su coraz\u00f3n, una\u00a0Nueva Visi\u00f3n, una Nueva Mentalidad y un Nuevo Nivel de Responsabilidad que influya sobre nuestro\u00a0mundo, en vez de que el sistema del mundo influya en ellos.<\/p>\t\t\t\t\t\t\t\t<\/div>\n\t\t\t\t<\/div>\n\t\t\t\t\t<\/div>\n\t\t<\/div>\n\t\t\t\t<div class=\"elementor-column elementor-col-33 elementor-top-column elementor-element elementor-element-7fd7226\" data-id=\"7fd7226\" data-element_type=\"column\" data-e-type=\"column\">\n\t\t\t<div class=\"elementor-widget-wrap elementor-element-populated\">\n\t\t\t\t\t\t<div class=\"elementor-element elementor-element-40e9415 elementor-widget elementor-widget-image\" data-id=\"40e9415\" data-element_type=\"widget\" data-e-type=\"widget\" data-widget_type=\"image.default\">\n\t\t\t\t<div class=\"elementor-widget-container\">\n\t\t\t\t\t\t\t\t\t\t\t\t\t\t\t<img decoding=\"async\" width=\"500\" height=\"500\" src=\"https:\/\/monicacalderon.com\/wp-content\/uploads\/2022\/07\/artworks-000134022245-int7hl-t500x500.jpg\" class=\"attachment-large size-large wp-image-363\" alt=\"\" srcset=\"https:\/\/monicacalderon.com\/wp-content\/uploads\/2022\/07\/artworks-000134022245-int7hl-t500x500.jpg 500w, https:\/\/monicacalderon.com\/wp-content\/uploads\/2022\/07\/artworks-000134022245-int7hl-t500x500-300x300.jpg 300w, https:\/\/monicacalderon.com\/wp-content\/uploads\/2022\/07\/artworks-000134022245-int7hl-t500x500-150x150.jpg 150w\" sizes=\"(max-width: 500px) 100vw, 500px\" \/>\t\t\t\t\t\t\t\t\t\t\t\t\t\t\t<\/div>\n\t\t\t\t<\/div>\n\t\t\t\t<div class=\"elementor-element elementor-element-60b33f7 elementor-widget elementor-widget-audio\" data-id=\"60b33f7\" data-element_type=\"widget\" data-e-type=\"widget\" data-widget_type=\"audio.default\">\n\t\t\t\t<div class=\"elementor-widget-container\">\n\t\t\t\t\t\t\t\t<div class=\"elementor-soundcloud-wrapper\">\n\t\t\t\t<iframe width=\"800\" height=\"200\" frameborder=\"no\" src=\"https:\/\/w.soundcloud.com\/player\/?visual=false&#038;url=https%3A%2F%2Fapi.soundcloud.com%2Ftracks%2F230185591&#038;show_artwork=false&#038;maxheight=1000&#038;maxwidth=800&#038;auto_play=false&#038;buying=true&#038;liking=true&#038;download=true&#038;sharing=true&#038;show_comments=true&#038;show_playcount=true&#038;show_user=true&#038;color\"><\/iframe>\t\t\t<\/div>\n\t\t\t\t\t\t\t<\/div>\n\t\t\t\t<\/div>\n\t\t\t\t<div class=\"elementor-element elementor-element-9d00260 elementor-widget elementor-widget-text-editor\" data-id=\"9d00260\" data-element_type=\"widget\" data-e-type=\"widget\" data-widget_type=\"text-editor.default\">\n\t\t\t\t<div class=\"elementor-widget-container\">\n\t\t\t\t\t\t\t\t\t<p class=\"Normal ospfxw7603386f86ed390c2d406dd0716482c9ossfx\"><strong>\u201cLas Aventuras de Estrellita y sus Amigos\u201d <\/strong>fue el primero de mis sue\u00f1os que se llev\u00f3 a cabo en Mayo del\u00a02009. Grabar este Cd con cuentos y canciones para ni\u00f1os y para todos los miembros de la familia fue de lo\u00a0m\u00e1s emocionante. Tuve una experiencia que disfrut\u00e9 much\u00edsimo. Me divert\u00ed a lo grande haciendo las voces\u00a0de los personajes, poniendo sonidos ambientales, cantando y narrando cada historia que por cierto,\u00a0quedaron llenas de \u201ccolorido\u201d.<\/p>\t\t\t\t\t\t\t\t<\/div>\n\t\t\t\t<\/div>\n\t\t\t\t\t<\/div>\n\t\t<\/div>\n\t\t\t\t\t<\/div>\n\t\t<\/section>\n\t\t\t\t<\/div>\n\t\t","protected":false},"excerpt":{"rendered":"<p>\u201cEn la Intimidad\u201d es el segundo de mis grandes e \u00edntimos anhelos hechos realidad. \u00a0Al grabarlo, \u00a0(en\u00a0Octubre del 2011) e interpretar cada canci\u00f3n, pens\u00e9 mucho en el alma de la Mujer, en su coraz\u00f3n y en sus\u00a0emociones. Sobre todo, en que cada melod\u00eda fuera una compa\u00f1\u00eda para esos momentos en los que toda\u00a0Mujer desea vaciar [&hellip;]<\/p>\n","protected":false},"author":2,"featured_media":0,"parent":0,"menu_order":0,"comment_status":"closed","ping_status":"closed","template":"elementor_canvas","meta":{"footnotes":""},"class_list":["post-53","page","type-page","status-publish","hentry"],"_links":{"self":[{"href":"https:\/\/monicacalderon.com\/index.php\/wp-json\/wp\/v2\/pages\/53","targetHints":{"allow":["GET"]}}],"collection":[{"href":"https:\/\/monicacalderon.com\/index.php\/wp-json\/wp\/v2\/pages"}],"about":[{"href":"https:\/\/monicacalderon.com\/index.php\/wp-json\/wp\/v2\/types\/page"}],"author":[{"embeddable":true,"href":"https:\/\/monicacalderon.com\/index.php\/wp-json\/wp\/v2\/users\/2"}],"replies":[{"embeddable":true,"href":"https:\/\/monicacalderon.com\/index.php\/wp-json\/wp\/v2\/comments?post=53"}],"version-history":[{"count":13,"href":"https:\/\/monicacalderon.com\/index.php\/wp-json\/wp\/v2\/pages\/53\/revisions"}],"predecessor-version":[{"id":379,"href":"https:\/\/monicacalderon.com\/index.php\/wp-json\/wp\/v2\/pages\/53\/revisions\/379"}],"wp:attachment":[{"href":"https:\/\/monicacalderon.com\/index.php\/wp-json\/wp\/v2\/media?parent=53"}],"curies":[{"name":"wp","href":"https:\/\/api.w.org\/{rel}","templated":true}]}}